{"id":921,"date":"2013-07-17T01:34:15","date_gmt":"2013-07-16T22:34:15","guid":{"rendered":"http:\/\/regilaulik.folklore.ee\/lounatartumaa\/?page_id=921"},"modified":"2016-01-31T06:57:51","modified_gmt":"2016-01-31T04:57:51","slug":"laulumangud","status":"publish","type":"page","link":"https:\/\/regilaulik.folklore.ee\/lounatartumaa\/louna-tartumaa\/laulumangud\/","title":{"rendered":"Ts\u00f5\u00f5rist ts\u00f5\u00f5ri"},"content":{"rendered":"<p style=\"padding-left: 30px;\"><img loading=\"lazy\" class=\"ngg-singlepic ngg-center\" src=\"http:\/\/regilaulik.folklore.ee\/lounatartumaa\/wp-content\/gallery\/kunstikooli-pildid\/aa_26_mangud.jpg\" alt=\"aa_26_mangud\" width=\"709\" height=\"739\" \/><\/p>\n","protected":false},"excerpt":{"rendered":"","protected":false},"author":2,"featured_media":0,"parent":569,"menu_order":0,"comment_status":"closed","ping_status":"closed","template":"content-sidebar-page.php","meta":{"ngg_post_thumbnail":0},"_links":{"self":[{"href":"https:\/\/regilaulik.folklore.ee\/lounatartumaa\/wp-json\/wp\/v2\/pages\/921"}],"collection":[{"href":"https:\/\/regilaulik.folklore.ee\/lounatartumaa\/wp-json\/wp\/v2\/pages"}],"about":[{"href":"https:\/\/regilaulik.folklore.ee\/lounatartumaa\/wp-json\/wp\/v2\/types\/page"}],"author":[{"embeddable":true,"href":"https:\/\/regilaulik.folklore.ee\/lounatartumaa\/wp-json\/wp\/v2\/users\/2"}],"replies":[{"embeddable":true,"href":"https:\/\/regilaulik.folklore.ee\/lounatartumaa\/wp-json\/wp\/v2\/comments?post=921"}],"version-history":[{"count":10,"href":"https:\/\/regilaulik.folklore.ee\/lounatartumaa\/wp-json\/wp\/v2\/pages\/921\/revisions"}],"predecessor-version":[{"id":9623,"href":"https:\/\/regilaulik.folklore.ee\/lounatartumaa\/wp-json\/wp\/v2\/pages\/921\/revisions\/9623"}],"up":[{"embeddable":true,"href":"https:\/\/regilaulik.folklore.ee\/lounatartumaa\/wp-json\/wp\/v2\/pages\/569"}],"wp:attachment":[{"href":"https:\/\/regilaulik.folklore.ee\/lounatartumaa\/wp-json\/wp\/v2\/media?parent=921"}],"curies":[{"name":"wp","href":"https:\/\/api.w.org\/{rel}","templated":true}]}}