{"id":909,"date":"2013-07-17T01:30:29","date_gmt":"2013-07-16T22:30:29","guid":{"rendered":"http:\/\/regilaulik.folklore.ee\/pohjatartumaa\/\/?page_id=909"},"modified":"2013-08-21T20:38:00","modified_gmt":"2013-08-21T17:38:00","slug":"tartu-maarjamaarja-magdaleena","status":"publish","type":"page","link":"https:\/\/regilaulik.folklore.ee\/pohjatartumaa\/eluring\/pulmalaulud\/tartu-maarjamaarja-magdaleena\/","title":{"rendered":"Tartu-Maarja\/Maarja-Magdaleena"},"content":{"rendered":"<p>&nbsp;<\/p>\n<p>________________________________________________________________________<\/p>\n<h2 class=\"post-to-page-title\">__V i i s i d__<\/h2>\n<div class=\"post-to-page-content\">\n<p>________________________________________________<\/p>\n<p><span style=\"font-size: large;\">M-Magdaleena viisid<\/span><\/p>\n<p><span style=\"font-size: large;\">1.<\/span><\/p>\n<p><a href=\"http:\/\/regilaulik.folklore.ee\/pohjatartumaa\/\/wp-content\/uploads\/pulm_1r_mm_28.gif\"><img loading=\"lazy\" class=\"alignnone size-full wp-image-3514\" alt=\"pulm_1r_mm_28\" src=\"http:\/\/regilaulik.folklore.ee\/pohjatartumaa\/\/wp-content\/uploads\/pulm_1r_mm_28.gif\" width=\"632\" height=\"113\" \/><\/a><\/p>\n<p><span style=\"font-size: small;\">E\u00dcS V 1177 (5) &lt;M-Magdaleena khk, Elistvere v\u00a0 \u2013 J. V\u00e4lbe &lt; Eeva Reimann (70 a), 1908.<\/span><\/p>\n<p>2.<\/p>\n<p><a href=\"http:\/\/regilaulik.folklore.ee\/pohjatartumaa\/\/wp-content\/uploads\/pulm_2r_mm_27.gif\"><img loading=\"lazy\" class=\"alignnone size-full wp-image-3516\" alt=\"pulm_2r_mm_27\" src=\"http:\/\/regilaulik.folklore.ee\/pohjatartumaa\/\/wp-content\/uploads\/pulm_2r_mm_27.gif\" width=\"632\" height=\"227\" \/><\/a><\/p>\n<p>E\u00dcS V 1184 (42) &lt;M-Magdaleena khk \u2013 J. V\u00e4lbe &lt; Mart Kool (60 a, endine Aruk\u00fcla koolmeister), 1908.<\/p>\n<p>3.<\/p>\n<p><a href=\"http:\/\/regilaulik.folklore.ee\/pohjatartumaa\/\/wp-content\/uploads\/pulm_2r_mm_30.gif\"><img loading=\"lazy\" class=\"alignnone size-full wp-image-3517\" alt=\"pulm_2r_mm_30\" src=\"http:\/\/regilaulik.folklore.ee\/pohjatartumaa\/\/wp-content\/uploads\/pulm_2r_mm_30.gif\" width=\"632\" height=\"227\" \/><\/a><\/p>\n<p><span style=\"font-size: small;\">E\u00dcS V 1179 (14) &lt;M-Magdaleena khk,\u00a0 Igavere v\u00a0 \u2013 J. V\u00e4lbe &lt; Eeva Reimann (70 a), 1908.<\/span><\/p>\n<p>&nbsp;<\/p>\n<\/div>\n<span class=\"post-to-page-image\"><a href=\"https:\/\/regilaulik.folklore.ee\/pohjatartumaa\/eluring\/pulmalaulud\/tartu-maarjamaarja-magdaleena\/__v-i-i-s-i-d__-3\/\"><\/a><\/span>\n<span class=\"post-to-page-readmore\"><a href=\"https:\/\/regilaulik.folklore.ee\/pohjatartumaa\/eluring\/pulmalaulud\/tartu-maarjamaarja-magdaleena\/__v-i-i-s-i-d__-3\/\">Read more...<\/a><\/span>\n<span class=\"post-to-page-comment-count\">0 comments<\/span>\n<hr class=\"post-to-page-separator\" \/>\n<h2 class=\"post-to-page-title\">__M-Magdaleena__pulmalaulud__<\/h2>\n<div class=\"post-to-page-content\">\n<p>______________________________________________________<\/p>\n<p><span style=\"font-size: large;\">Vannast pulmade peal andeid korjates<\/span> laulnud laulataja naine; teises k\u00e4\u00e4s \u00f5llekibu teises k\u00e4\u00e4s viina pudel, j\u00e4rgmist laulu:<\/p>\n<p><span style=\"font-size: large;\">Meestele:<\/span><\/p>\n<p><span style=\"font-size: large;\">KELLELE KIBU MINESSE,<\/span><br \/>\nkellele kappa kaldunessa?<br \/>\nMehile \u00fcli \u00fcvale,<br \/>\nmusta mulla p\u00f6\u00f6rijalle,<br \/>\n\u00f5tsi \u00f5llele \u00f5betada.<br \/>\nKatsu kappa valgeeda,<br \/>\npeksa punga tappa tasku!<\/p>\n<p><span style=\"font-size: large;\">Naistele:<\/span><\/p>\n<p><span style=\"font-size: large;\">KELLELE KIBU MINEESSA,<\/span><br \/>\nkellele kappa kaldunessa?<br \/>\nNaistele \u00fcli \u00fcvale,<br \/>\n\u00f5tsi \u00f5llele \u00f5bedata,<br \/>\nande kerstu t\u00e4itenesse,<br \/>\nveidevaka t\u00f5sdenesse.<br \/>\nKatsu kappa valgeeda,<br \/>\npeksa punga tappa tasku!<\/p>\n<p>H II 28, 613\/4 (15) &lt; M-Magdaleena khk &#8211; Eduard Martinson &lt; Juula Jaanisk, 1889<\/p>\n<p><span style=\"font-size: large;\">OH NOORIK, MEIE MINIJA,<\/span><br \/>\nmeie ell\u00e4 velje naene,<br \/>\nkui sa suad t\u00f5esele talule,<br \/>\nkui suad uue \u00f5ue pi\u00e4le,<br \/>\n\u00f5le siis hoolik ommukulla,<br \/>\nvarajane valgeell\u00e4 &#8211;<br \/>\n\u00e4r\u00e4 sina kuula kukke laalu,<br \/>\nvahes niid kukked vara laalvad,<br \/>\nvahes laalvad valgeell\u00e4,<br \/>\nvahes enne valgeett\u00e4;<br \/>\n\u00e4r\u00e4 uuta \u00e4ia erg\u00e4m\u00e4,<br \/>\neg\u00e4 \u00e4mm\u00e4 t\u00f5usem\u00e4,<br \/>\n\u00e4i\u00e4 vana ei er\u00e4ne,<br \/>\n\u00e4mm\u00e4 vana ei er\u00e4ne,<br \/>\n\u00e4i\u00e4 h\u00fc\u00fc\u00e4b poegasida,<br \/>\n\u00e4mm\u00e4 h\u00fc\u00fc\u00e4b t\u00fctterida.<\/p>\n<p>***<br \/>\nOh noarik meie s\u00f5sare,<br \/>\nmeie ell\u00e4 velje naene,<br \/>\nkui het\u00e4d \u00f5sta magama,<br \/>\nsiis pane huuli \u00f5rre pi\u00e4le,<br \/>\nmure mussa parre pi\u00e4le,<br \/>\nkui t\u00f5\u00f5sed \u00fcles magamasta,<br \/>\nv\u00f5tta siis huuli \u00f5rre pi\u00e4lta.<br \/>\nPane siis pada tulele,<br \/>\nkanna vesi kattelasse,<br \/>\nsenni lue lusikaida,<br \/>\nsenni arva anumaida.<\/p>\n<p>***<br \/>\nMine siis \u00e4i\u00e4 p\u00e4itsisse,<br \/>\nmine siis \u00e4mm\u00e4 p\u00e4itsisse:<br \/>\nOh minu h\u00e4id\u00e4 \u00e4i\u00e4kest\u00e4,<br \/>\noh minu h\u00e4id\u00e4 \u00e4mm\u00e4kest\u00e4,<br \/>\npanin ju pada tulele,<br \/>\nkandsin vett\u00e4 kattelassa,<br \/>\nmes mina panen n\u00fc\u00fcd padaje,<br \/>\nmes mina kannan kattelassa?<\/p>\n<p>***<br \/>\nOh minu mini me\u00e4leline,<br \/>\npoia naene naljaline,<br \/>\nmine sa rattile (1) rikkale,<br \/>\nsial one kolmi salvekest\u00e4,<br \/>\n\u00fcks sial r\u00fckkid kuhjaga,<br \/>\nt\u00f5ene \u00f5tru \u00f5tsani,<br \/>\nkolmas kaaru kattuseni.<\/p>\n<p>***<br \/>\nOh minu h\u00e4id\u00e4 \u00e4i\u00e4kest\u00e4,<br \/>\noh minu h\u00e4ida \u00e4mm\u00e4kest\u00e4,<br \/>\nl\u00e4ksin ma rattile rikkale,<br \/>\nsi\u00e4l \u00f5li kolmi salvekest\u00e4,<br \/>\n\u00fcks \u00f5li hiirdel ilusta,<br \/>\nt\u00f6ene kassidel karata,<br \/>\nkolmas rottide roamata.<\/p>\n<p>***<br \/>\nOh minu mini me\u00e4leline,<br \/>\npoia naene naljaline,<br \/>\nmes s\u00e4 t\u00f5id isa kodussa,<br \/>\nmes sa t\u00f5id em\u00e4 kodussa,<br \/>\nloed velje salve pi\u00e4lt\u00e4,<br \/>\nsed\u00e4 n\u00fc\u00fcd pane padaje,<br \/>\nsed\u00e4 n\u00fc\u00fcd kanna kattelassa.<\/p>\n<p>***<br \/>\nOh minu h\u00e4id\u00e4 \u00e4i\u00e4kest\u00e4,<br \/>\noh minu h\u00e4id\u00e4 \u00e4mm\u00e4kest\u00e4,<br \/>\nkee t\u00f5i is\u00e4 kodusta,<br \/>\nhelme t\u00f5i em\u00e4 kodusta,<br \/>\ns\u00f5le sae velje salve p\u00e4\u00e4lta.<br \/>\nKee ei s\u00fcni keduksasse,<br \/>\nega helme hernedes\u00e4,<br \/>\ns\u00f5lg ei s\u00f6\u00f6gi laua piale.<\/p>\n<p>(1) aidale<\/p>\n<p><span style=\"font-size: large;\">Pulma laul, mis pruudi isale laulti,<\/span> kui pulmad peigmehe poole \u00e4ra l\u00e4ksid:<\/p>\n<p><span style=\"font-size: large;\">ODDO OT \u00c4TTE, NOO NO NENNE,<\/span><br \/>\nlahe tuleb ommen uusi p\u00e4v\u00e4,<br \/>\nvana taevas valge ilma,<br \/>\nkorra joaksed me\u00e4se poale,<br \/>\nt\u00f5ese k\u00f5rra naese poale,<br \/>\nkolmanda k\u00f5rra v\u00e4r\u00e4te poale.<br \/>\nV\u00e4r\u00e4ves oo v\u00e4lj\u00e4 ve\u00e4tud,<br \/>\nmes sinna j\u00e4lile j\u00e4nud,<br \/>\nkulda oo j\u00e4lile j\u00e4nud,<br \/>\n\u00f5betad samile sadanud.<\/p>\n<p><span style=\"font-size: large;\">Peigmehe poole (majasse) minnes laulavad:<\/span><\/p>\n<p><span style=\"font-size: large;\">LINKUKESED LANKUKESED,<\/span><br \/>\n\u00e4r\u00e4 te rutka rogusida,<br \/>\n\u00e4r\u00e4 te panga pratisida,<br \/>\np\u00f5le t\u00fctt\u00e4r tullud t\u00fchja moalta,<br \/>\neg\u00e4 neidu n\u00e4lj\u00e4 moalta,<br \/>\nkodu j\u00e4e rohine ruga,<br \/>\nlauale j\u00e4e p\u00f5rsa praadi,<br \/>\nahju ette anide praadi,<br \/>\nkana praad j\u00e4e kammeri.<\/p>\n<p><span style=\"font-size: large;\">Peiu rahvas laulsivad vastu :<\/span><\/p>\n<p>TASA, TASA, TARGU, TARGU,<br \/>\ntulga te tasa tareje,<br \/>\nilukeisi oneeie,<br \/>\nsiin p\u00f5le peiu testud,<br \/>\npiitad oo peremehe testud,<br \/>\nuksed \u00e4i\u00e4 \u00f6\u00f6veltud.<\/p>\n<p><span style=\"font-size: large;\">Esimesel \u00f5htal, kui magama eitsivad, siis laulsivad pruudi rahvas:<\/span><\/p>\n<p>MEIE NEIDU NOARUKENE,<br \/>\nnoarukene n\u00f5rgukene,<br \/>\nei \u00f5ska juren magada,<br \/>\npi\u00e4 aiab \u00fcle p\u00e4itsi,<br \/>\njalad \u00fcle jalutsi,<br \/>\nselja \u00fcle serv\u00e4 laua.<\/p>\n<p><span style=\"font-size: large;\">Peiu rahvas laulsivad vastu:<\/span><\/p>\n<p>NEIUKENE NOARUKENE,<br \/>\nkisu v\u00f5id\u00e4 kindelem\u00e4,<br \/>\ned\u00e4 en\u00e4m s\u00f5lmesid\u00e4,<br \/>\nmeie veljel kassi k\u00e4pp\u00e4d,<br \/>\nkassi k\u00e4pp\u00e4d, kulli k\u00fcned,<br \/>\nlasti kisub saksa s\u00f5lmed,<br \/>\npappi pannelid arutab.<\/p>\n<p>H II 28, 763\/5 (6) ja 757\/9 (1) &lt; M-Magdaleena khk, Saare v &#8211; Gustav Puus, 1890<\/p>\n<p><span style=\"font-size: large;\">Kui peiu rahvas hommiku pruudi poole tulid, siis laulis pruut:<\/span><\/p>\n<p><span style=\"font-size: large;\">M\u00d5ELSIN SUAMA SUABAS=SEERI,<\/span><br \/>\nt\u00f5usema h\u00f5be k\u00fcbara,<br \/>\ntuli Viru viisku jalga,<br \/>\npajustikust paika p\u00fcksi,<br \/>\nn\u00fc\u00fcd on k\u00fcbar k\u00fclasta,<br \/>\n\u00fclikond \u00fcle tanava.<\/p>\n<p><span style=\"font-size: large;\">N\u00fc\u00fcd peiu rahvas:<\/span><\/p>\n<p><span style=\"font-size: large;\">KENAD NEIUD, KEKKID NEIUD,<\/span><br \/>\nmuidu neiud, mukkid neiud,<br \/>\nsoola vakka soravad,<br \/>\nleeme kulpi kusevad.<br \/>\nPere t\u00fcttar laiska lehma,<br \/>\nmagas kui m\u00e4ra muruna.<br \/>\nei viitsinud v\u00f5id teha,<br \/>\nuotas t\u00e4kku tantsimaie,<br \/>\nvana ruuna karkamaie.<br \/>\nEt kui \u00fctlen \u00fcmber j\u00e4lle,<br \/>\np\u00f6\u00f6ran s\u00f5nad t\u00f5isiti,<br \/>\net kui on omatsed koerad,<br \/>\nkeelge koerad haukumast,<br \/>\nja kui on k\u00fclatsed koerad,<br \/>\nsiis antke t\u00f5rre hallitust,<br \/>\nja t\u00f5stke t\u00f5rre lopputust.<\/p>\n<p><span style=\"font-size: large;\">Pruut \u00fctleb peiule:<\/span><\/p>\n<p><span style=\"font-size: large;\">MESTE T\u00dcHJA KIITELEDE,<\/span><br \/>\n\u00fcle liiga hoopelede,<br \/>\neks ma eila teil ei k\u00e4inud,<br \/>\ntuna eila tuld ei toonud,<br \/>\nteil olid hiired ikkevella,<br \/>\nrottid roomade vahela,<br \/>\nhiired takku eietasid,<br \/>\nkassid kangast kudusid.<\/p>\n<p>H II 28, 797-800 (9, 10) &lt; M-Magdaleena khk, Saare v &#8211; Gustav J\u00fcrgenson, 1890<\/p>\n<p><span style=\"font-size: large;\">Peidmehe laimdus:<\/span><\/p>\n<p><span style=\"font-size: large;\">S\u00d5SAR ELLA LINNUKENE,<\/span><br \/>\nm\u00f5tlid saama saksa meesta,<br \/>\nujuma udu k\u00fcbara,<br \/>\ntuli sull rootsist roka pulli,<br \/>\nr\u00e4bastikust r\u00e4hma silma,<br \/>\npajustikust paksu mokka!<\/p>\n<p><span style=\"font-size: large;\">Pruudi laimdus:<\/span><\/p>\n<p><span style=\"font-size: large;\">VELI ELLA VELLEKENE,<\/span><br \/>\nmeile tuudi tuha ruhe,<br \/>\nveeti ju vetek\u00fcna,<br \/>\ntuld ju l\u00f5ivad ruuna turjad,<br \/>\ns\u00e4demid l\u00f5id s\u00e4lu seljad,<br \/>\ntuha ruhe (1) tuuenagi,<br \/>\nvette k\u00fcna vedadena.<br \/>\nPikem meie piima kirstu,<br \/>\nsuurem meie soolavakka,<br \/>\nlaiem meie leiva labid,<br \/>\nkui jo neiu kiidu kirstu.<\/p>\n<p>(1) k\u00fcna<\/p>\n<p><span style=\"font-size: large;\">Peiu rahva pruudi kodu tulekul lauldi:<\/span><\/p>\n<p><span style=\"font-size: large;\">TASA, TASA, TIRGU-TARGU,<\/span><br \/>\nmadalaste mirgu- margu,<br \/>\n\u00e4rge katke katusida,<br \/>\neega rikke riistasida,<br \/>\nmeil on katused kanamunasta,<br \/>\npaarid p\u00e4\u00e4l on pardi munast,<br \/>\nroovid sees on roti munast,<br \/>\nmeil on tuba tanu kirja,<br \/>\ntua lagi laeva kirja,<br \/>\ntua p\u00f5rand p\u00f5lle kirja,<br \/>\nmeil on tuas siidi s\u00e4ngid,<br \/>\nsiidi s\u00e4ngid soome sohvad,<br \/>\npea all on pehmed padjad.<\/p>\n<p><span style=\"font-size: large;\">Kosjade laul:<\/span><\/p>\n<p><span style=\"font-size: large;\">VELI ELLA VELLEKENE,<\/span><br \/>\nKost sa teadsid meile tulla,<br \/>\nkost sa, siili, silmad v\u00f5tsid,<br \/>\noravake tee osasid,<br \/>\nmeile suurele suole,<br \/>\nrahakalle rahvale,<br \/>\n\u00fcle pika peeru metsa,<br \/>\n\u00fcle laia laua metsa?<\/p>\n<p><span style=\"font-size: large;\">Lemmkibu h\u00fcidi \u00f5lle kibu, mis rahakorjamise aeg \u00fcmber laua k\u00e4is:<\/span><\/p>\n<p><span style=\"font-size: large;\">KELLEL KIBU MINNEESSA,<\/span><br \/>\nkellel kappa kaldunessa?<br \/>\nPeiul kibu minneessa,<br \/>\npeiul kappa kaldunessa.<br \/>\nJuu, juu, maitse, maitse,<br \/>\nmaitse, maitse, maksa, maksa.<br \/>\npuista punga, tapa tasku,<br \/>\njuu, juu, maitse, maitse,<br \/>\nmaitse, maitse, maksa, maksa.<\/p>\n<p>H II 53, 39-43 (35-44) &lt; Oudova &lt; M-Magdaleena khk, Vara v &#8211; H. Masing &lt; Elsa V\u00e4\u00e4rno-Masing, 1895<\/p>\n<\/div>\nTagged in: <span class=\"post-to-page-tags\"><a href=\"https:\/\/regilaulik.folklore.ee\/pohjatartumaa\/tag\/m-magdaleena_\/\">m-magdaleena_<\/a><\/span><span class=\"post-to-page-tags\"><a href=\"https:\/\/regilaulik.folklore.ee\/pohjatartumaa\/tag\/pulmad_\/\">pulmad_<\/a><\/span><span class=\"post-to-page-image\"><a href=\"https:\/\/regilaulik.folklore.ee\/pohjatartumaa\/eluring\/pulmalaulud\/tartu-maarjamaarja-magdaleena\/__m-magdaleena_pulmalaulud_\/\"><\/a><\/span>\n<span class=\"post-to-page-readmore\"><a href=\"https:\/\/regilaulik.folklore.ee\/pohjatartumaa\/eluring\/pulmalaulud\/tartu-maarjamaarja-magdaleena\/__m-magdaleena_pulmalaulud_\/\">Read more...<\/a><\/span>\n<span class=\"post-to-page-comment-count\">0 comments<\/span>\n<hr class=\"post-to-page-separator\" \/>\n<h2 class=\"post-to-page-title\">__Ta-Maarja__pulmalaulud__<\/h2>\n<div class=\"post-to-page-content\">\n<p>________________________________________________<\/p>\n<p><span style=\"font-size: large;\">Peiu poolt lauldud<\/span><\/p>\n<p><span style=\"font-size: large;\">LANGU NAESED, LINNUKESED,<\/span><br \/>\ntehke lahti langu ussed,<br \/>\npaokille pardsi ussed,<br \/>\nper\u00e4ni ani v\u00e4r\u00e4v\u00e4d!<br \/>\nKui ei tii lahti langu ussi \u2013<br \/>\nkui ma heid\u00e4n h\u00fcv\u00e4 jala,<br \/>\nkeerutellen kura kondsa,<br \/>\nussed p\u00f5\u00f5nusta p\u00f5rutan,<br \/>\nsagarist ma saata usse.<br \/>\nMis ma hoolin ussedesta,<br \/>\nmis ma saan sagarista!<br \/>\nMul om hulgan usse sepp\u00e4d,<br \/>\nsaajan on sagara sepp\u00e4d,<br \/>\nteev\u00e4 ussed uibudesta,<br \/>\nsikku sarvesta sagarad,<br \/>\np\u00f5dra luista teev\u00e4 p\u00f5\u00f5na,<br \/>\nlingid linikust valmist\u00e4v\u00e4.<\/p>\n<p>H II 29, 447 (1) &lt; Tartu-Maarja khk, Kavastu v \u2013 Johann M\u00e4gi, 1890<\/p>\n<p><span style=\"font-size: large;\">M\u00dc\u00dcD\u00c4 L\u00c4\u00c4 \u00c4MM\u00c4 KODUSTA,<\/span><br \/>\nm\u00fc\u00fcd\u00e4 l\u00e4\u00e4 \u00e4i\u00e4 kodusta,<br \/>\n\u00e4mm\u00e4 j\u00e4\u00e4s teretemeda,<br \/>\n\u00e4i\u00e4 j\u00e4\u00e4s teretemede,<br \/>\nk\u00fc\u00fcl j\u00e4\u00e4s k\u00e4si andemede,<br \/>\nnadul n\u00e4pu n\u00e4itemede.<br \/>\nKui ma tule t\u00f5isel k\u00f5rral,<br \/>\nt\u00f5ise uvvela suvela,<br \/>\nt\u00f5ise armela ajala,<br \/>\nkev\u00e4jele kolmatele,<br \/>\ns\u00fcg\u00fcsele nelj\u00e4tele,<br \/>\n\u00e4r\u00e4 sis \u00e4ia terede,<br \/>\n\u00e4r\u00e4 sis \u00e4mm\u00e4 terede,<br \/>\n\u00e4r\u00e4 k\u00fc\u00fcl anna k\u00e4e,<br \/>\n\u00e4r\u00e4 nadul n\u00e4ud\u00e4 n\u00e4pu.<br \/>\n\u201eTere \u00e4ia uudiesse,<br \/>\ntere \u00e4mma uudiesse,<br \/>\ntere k\u00fcd\u00fc k\u00fclle p\u00e4\u00e4le,<br \/>\nnadu narmaste siassa!<br \/>\n\u00c4r\u00e4 pell\u00e4de sii per\u00e4st\u00e4,<br \/>\nei siit s\u00f5ida s\u00f5da suuri,<br \/>\nega liigu vaenu leeri \u2013<br \/>\nsiit s\u00f5itva s\u00f5sartse paari,<br \/>\nsiin k\u00e4\u00fcve k\u00e4litse katsi.<br \/>\nEnnek\u00f5ine, ennek\u00f5ine,<br \/>\nn\u00fc\u00fcd j\u00e4\u00e4s k\u00fcla kullemaie,<br \/>\nmittu valda valatamaie,<br \/>\nk\u00fcl\u00e4 kullel k\u00fckakulle,<br \/>\nk\u00fcl\u00e4 naise m\u00fcts\u00e4kulle,<br \/>\npoisi poole t\u00f6ll\u00e4kulle,<br \/>\nlatse lonki aia p\u00e4\u00e4le \u2013<br \/>\nmis ime sii pias oleme!<br \/>\nKas om Virul v\u00f5i om Harjul,<br \/>\nVirul laulave vitsa p\u00e4\u00e4l,<br \/>\nHarjul haava oksa p\u00e4\u00e4l,<br \/>\nTurjul toome tuttu p\u00e4\u00e4l.<br \/>\nKulle kun kukve k\u00e4o kolme!<br \/>\nVeli hell\u00e4 vellek\u00f5ine,<br \/>\nihva kirves ter\u00e4ves,<br \/>\ntii taper tuli ter\u00e4ves,<br \/>\nraiu varik me vahelta,<br \/>\nraiu kuusik me kohalta,<br \/>\nk\u00fcnn\u00e4 kes\u00e4 keskeelta \u2013<br \/>\nsis me kolmi kokku saame,<br \/>\nkolmi kokku kukkumaie,<br \/>\nnell\u00e4 \u00fctte laulamaie.<br \/>\n\u00dcle j\u00f5\u00f5 joome \u00f5luta,<br \/>\n\u00fcle k\u00e4\u00e4ru anname k\u00e4tt,<br \/>\n\u00fcle puude pist\u00e4me piju.<\/p>\n<p>H II 29, 440 (4) &lt; Ta-Maarja khk, Kavastu v \u2013 Johann M\u00e4gi (L\u00f5hmusm\u00e4gi), 1890<\/p>\n<p><span style=\"font-size: large;\">NEIUKENE, NOOREKENE,<\/span><br \/>\nk\u00f5nele sa velledele,<br \/>\nkas su s\u00e4\u00e4l jo s\u00f5imati,<br \/>\nema lasta laimati?<br \/>\nNeiu suurena suur,<br \/>\nneiu v\u00f5erana v\u00f5sana,<br \/>\nei siin laula laua jalad,<br \/>\nei siin k\u00f5nele kannu k\u00f5rvad,<br \/>\nei ole neidu meie n\u00e4ha,<br \/>\nkaimu meie kaeda,<br \/>\nkas on velle v\u00e4\u00e4riline,<br \/>\nhalli kuue aruline,<br \/>\nkas on tugev toovrile,<br \/>\nparas kaevu pangile?<\/p>\n<p>H III 9, 542 (18) &lt; Ta-Maarja khk \u2013 Karl Koplus, 1889<\/p>\n<\/div>\n<span class=\"post-to-page-image\"><a href=\"https:\/\/regilaulik.folklore.ee\/pohjatartumaa\/eluring\/pulmalaulud\/tartu-maarjamaarja-magdaleena\/__tartu-maarja__pulmalaulud__\/\"><\/a><\/span>\n<span class=\"post-to-page-readmore\"><a href=\"https:\/\/regilaulik.folklore.ee\/pohjatartumaa\/eluring\/pulmalaulud\/tartu-maarjamaarja-magdaleena\/__tartu-maarja__pulmalaulud__\/\">Read more...<\/a><\/span>\n<span class=\"post-to-page-comment-count\">0 comments<\/span>\n<hr class=\"post-to-page-separator\" \/>\n\n","protected":false},"excerpt":{"rendered":"<p>&nbsp; ________________________________________________________________________<\/p>\n","protected":false},"author":2,"featured_media":0,"parent":859,"menu_order":0,"comment_status":"closed","ping_status":"closed","template":"content-sidebar-page.php","meta":{"ngg_post_thumbnail":0},"_links":{"self":[{"href":"https:\/\/regilaulik.folklore.ee\/pohjatartumaa\/wp-json\/wp\/v2\/pages\/909"}],"collection":[{"href":"https:\/\/regilaulik.folklore.ee\/pohjatartumaa\/wp-json\/wp\/v2\/pages"}],"about":[{"href":"https:\/\/regilaulik.folklore.ee\/pohjatartumaa\/wp-json\/wp\/v2\/types\/page"}],"author":[{"embeddable":true,"href":"https:\/\/regilaulik.folklore.ee\/pohjatartumaa\/wp-json\/wp\/v2\/users\/2"}],"replies":[{"embeddable":true,"href":"https:\/\/regilaulik.folklore.ee\/pohjatartumaa\/wp-json\/wp\/v2\/comments?post=909"}],"version-history":[{"count":6,"href":"https:\/\/regilaulik.folklore.ee\/pohjatartumaa\/wp-json\/wp\/v2\/pages\/909\/revisions"}],"predecessor-version":[{"id":3452,"href":"https:\/\/regilaulik.folklore.ee\/pohjatartumaa\/wp-json\/wp\/v2\/pages\/909\/revisions\/3452"}],"up":[{"embeddable":true,"href":"https:\/\/regilaulik.folklore.ee\/pohjatartumaa\/wp-json\/wp\/v2\/pages\/859"}],"wp:attachment":[{"href":"https:\/\/regilaulik.folklore.ee\/pohjatartumaa\/wp-json\/wp\/v2\/media?parent=909"}],"curies":[{"name":"wp","href":"https:\/\/api.w.org\/{rel}","templated":true}]}}