{"id":638,"date":"2013-07-15T13:05:53","date_gmt":"2013-07-15T10:05:53","guid":{"rendered":"http:\/\/regilaulik.folklore.ee\/virumaa\/?page_id=638"},"modified":"2021-08-26T15:18:50","modified_gmt":"2021-08-26T12:18:50","slug":"talv","status":"publish","type":"page","link":"https:\/\/regilaulik.folklore.ee\/vorumaa\/aotsoor\/kallondrilauluq\/talv\/","title":{"rendered":"Talv\u00b4 livvum\u00e4e p\u00e4\u00e4l"},"content":{"rendered":"\n<p class=\"has-text-align-right\">Livvulaulu\u2019<br>Liug\u00f5l\u00f5mis\u00f5st<br>Lina\u2019 pik\u00e4s!<br>Vastlap\u00e4\u00e4v\u00e4 laul<\/p>\n\n\n<h2 class=\"post-to-page-title\">___________________________<\/h2>\n<div class=\"post-to-page-content\">\n<\/div>\n<span class=\"post-to-page-image\"><a href=\"https:\/\/regilaulik.folklore.ee\/vorumaa\/1\/kallondrilauluq\/talv\/__-9\/\"><\/a><\/span>\n<span class=\"post-to-page-readmore\"><a href=\"https:\/\/regilaulik.folklore.ee\/vorumaa\/1\/kallondrilauluq\/talv\/__-9\/\">Read more...<\/a><\/span>\n<span class=\"post-to-page-comment-count\">0 comments<\/span>\n<hr class=\"post-to-page-separator\" \/>\n<h2 class=\"post-to-page-title\">_V a s t l a l a u l u'_<\/h2>\n<div class=\"post-to-page-content\">\n<\/div>\n<span class=\"post-to-page-image\"><a href=\"https:\/\/regilaulik.folklore.ee\/vorumaa\/1\/kallondrilauluq\/talv\/_v-a-s-t-l-a-l-a-u-l-u_\/\"><\/a><\/span>\n<span class=\"post-to-page-readmore\"><a href=\"https:\/\/regilaulik.folklore.ee\/vorumaa\/1\/kallondrilauluq\/talv\/_v-a-s-t-l-a-l-a-u-l-u_\/\">Read more...<\/a><\/span>\n<span class=\"post-to-page-comment-count\">0 comments<\/span>\n<hr class=\"post-to-page-separator\" \/>\n<h2 class=\"post-to-page-title\">1. L\u00c4\u00c4'KS MII\u2019  L'UUG\u00d5L\u00d5MA (Hrg)<\/h2>\n<div class=\"post-to-page-content\">\n\n<p class=\"has-text-align-right\"><em>Hargla<\/em><\/p>\n\n\n\n<p class=\"has-medium-font-size\">Livvulaul<\/p>\n\n\n\n<figure class=\"wp-block-image size-large\"><img loading=\"lazy\" width=\"632\" height=\"237\" src=\"https:\/\/regilaulik.folklore.ee\/vorumaa\/wp-content\/uploads\/1_intern_Hrg_ERA-7-141-20_2r_.gif\" alt=\"\" class=\"wp-image-13460\"\/><\/figure>\n\n\n\n<p>L\u00c4\u00c4&#8217;KS MII\u2019, MIHE\u2019, L\u2019UUG\u00d5L\u00d5MA,<br><em>oll\u00b4ul\u00f5\u00f5, h\u00f5ll\u00b4ul\u00f5\u00f5,<\/em><br>l&#8217;uug\u00f5l\u00f5ma, laug\u00f5l\u00f5ma!<br>Nii pik\u00e4s mii\u2019 lina\u2019,<br>kui sii riitiikene!<br>Ki\u00e4 ei tul\u00f5\u2019 l&#8217;uug\u00f5l\u00f5ma,<br>l&#8217;uug\u00f5l\u00f5ma, laug\u00f5l\u00f5ma,<br>tuul lina\u2019 lemmikeis,<br>paiupudsus pakal\u00f5is \u2013<br>meil lina\u2019 miiste piius,<br>miiste piius, naist\u00f5 valg\u00f5s!<\/p>\n\n\n\n<p class=\"has-small-font-size\">Viis: ERA III 7, 141 (20) &lt; Hargla khk, Taheva v, Kirepi k \u2013 H. Tampere &lt; Leena Kahr (Karh), 78 a (1935). Fon 444 f.<br>Tekst: H II 32, 164 (134) &lt; Hargla khk, M\u00f5niste v \u2013 Jaan P\u00e4hn (1888).<\/p>\n<\/div>\nTagged in: <span class=\"post-to-page-tags\"><a href=\"https:\/\/regilaulik.folklore.ee\/vorumaa\/tag\/hargla\/\">hargla<\/a><\/span><span class=\"post-to-page-tags\"><a href=\"https:\/\/regilaulik.folklore.ee\/vorumaa\/tag\/vastlad_\/\">vastlad_<\/a><\/span><span class=\"post-to-page-image\"><a href=\"https:\/\/regilaulik.folklore.ee\/vorumaa\/1\/kallondrilauluq\/talv\/1-laaks-mii-luugoloma-hrg\/\"><\/a><\/span>\n<span class=\"post-to-page-readmore\"><a href=\"https:\/\/regilaulik.folklore.ee\/vorumaa\/1\/kallondrilauluq\/talv\/1-laaks-mii-luugoloma-hrg\/\">Read more...<\/a><\/span>\n<span class=\"post-to-page-comment-count\">0 comments<\/span>\n<hr class=\"post-to-page-separator\" \/>\n<h2 class=\"post-to-page-title\">2. LIULG\u00d5MI, LAULG\u00d5MI (Urv)<\/h2>\n<div class=\"post-to-page-content\">\n\n<p class=\"has-text-align-right\"><em>Urvast\u00f5<\/em><\/p>\n\n\n\n<p class=\"has-medium-font-size\">Liug\u00f5l\u00f5mis\u00f5 laul<\/p>\n\n\n\n<figure class=\"wp-block-image size-large\"><img loading=\"lazy\" width=\"632\" height=\"341\" src=\"https:\/\/regilaulik.folklore.ee\/vorumaa\/wp-content\/uploads\/2_intern_EYS-VII-875-13_3r_.gif\" alt=\"\" class=\"wp-image-13464\"\/><\/figure>\n\n\n\n<p>LIULG\u00d5MI, LAULG\u00d5MI,<br>liulg\u00f5mi lina\u2019 pik\u00e4\u2019,<br>laulg\u00f5mi kiu\u2019 laja\u2019!<br>Papi lina\u2019 paiupudsus,<br>k\u00f6stre lina\u2019 k\u00fc\u00fcvitsus!<br>Mii\u2019 lina\u2019 l\u00f5hinitsis,<br>l\u00f5hinitsis, kandl\u00f5keelis!<\/p>\n\n\n\n<p class=\"has-small-font-size\">Viis ja tekst: E\u00dcS VII, 875 (13) &amp; E\u00dcS VII, 1284\/5 (89) &lt; Urvaste khk, Vana-Antsla v, Haanja t \u2013 M. Pehka, R. Tamm &lt; Kr\u00f5\u00f5t Luik, 60 a (1910).<\/p>\n\n\n\n<p><\/p>\n<\/div>\nTagged in: <span class=\"post-to-page-tags\"><a href=\"https:\/\/regilaulik.folklore.ee\/vorumaa\/tag\/urvaste_\/\">urvaste_<\/a><\/span><span class=\"post-to-page-tags\"><a href=\"https:\/\/regilaulik.folklore.ee\/vorumaa\/tag\/vastlad_\/\">vastlad_<\/a><\/span><span class=\"post-to-page-image\"><a href=\"https:\/\/regilaulik.folklore.ee\/vorumaa\/1\/kallondrilauluq\/talv\/2-liulgomi-laulgomi-urv\/\"><\/a><\/span>\n<span class=\"post-to-page-readmore\"><a href=\"https:\/\/regilaulik.folklore.ee\/vorumaa\/1\/kallondrilauluq\/talv\/2-liulgomi-laulgomi-urv\/\">Read more...<\/a><\/span>\n<span class=\"post-to-page-comment-count\">0 comments<\/span>\n<hr class=\"post-to-page-separator\" \/>\n<h2 class=\"post-to-page-title\">3. LIUG\u00d5L\u00d5\u2019 LAUG\u00d5L\u00d5\u2019! (Urv)<\/h2>\n<div class=\"post-to-page-content\">\n\n<p class=\"has-text-align-right\"><em>Urvast\u00f5<\/em><\/p>\n\n\n\n<p class=\"has-medium-font-size\">Lina<\/p>\n\n\n\n<figure class=\"wp-block-image size-large\"><img loading=\"lazy\" width=\"632\" height=\"237\" src=\"https:\/\/regilaulik.folklore.ee\/vorumaa\/wp-content\/uploads\/3_intern_Urv_RKM-II-65-464-156_2r_.gif\" alt=\"\" class=\"wp-image-13467\"\/><\/figure>\n\n\n\n<p><em>Liug\u00f5l\u00f5\u2019, laug\u00f5l\u00f5\u2019!<\/em><br>KUI EI P\u00dcS\u00dc\u2019 P\u00d6\u00d6R\u00dcSSIS,<br>p\u00fc\u00fcdke\u2019 h\u00fc\u00fc p\u00f6\u00f6r\u00fcssis,<br>raigapaar rahk\u00f5s.<br><em>Liug\u00f5l\u00f5\u2019 laug\u00f5l\u00f5\u2019!<\/em><br>Nii pik\u00e4s mii\u2019 lina\u2019,<br>nigu riitiikene.<br><em>Liug\u00f5l\u00f5\u2019, laug\u00f5l\u00f5\u2019!<\/em><br>Mii\u2019 lina\u2019 l\u00f5hiniidses,<br>L\u00f5hiniidses, lajas lehes.<br><em>Liug\u00f5l\u00f5\u2019, laug\u00f5l\u00f5\u2019!<\/em><br>Papi lina\u2019 paiupudsus,<br>k\u00f6stre lina\u2019 k\u00fc\u00fcvitsas,<br>praoski lina\u2019 paiupudsus!<\/p>\n\n\n\n<p class=\"has-small-font-size\">Viis: RKM II 65, 464 (156) &lt; Urvaste khk, Antsla l (&lt; R\u00f5uge khk, Haanja) \u2013 S. Porosson, A. Gar\u0161nek &lt; Kadri Pr\u00e4\u00e4ts (s\u00fcnd 1873) (1957).<br>Tekst: H II 36, 196 (254 a) &lt; Urvaste, Karula \u2013 Gustav Seen &lt; mitu &#8220;roomak\u00f5ist\u00f5&#8221; naist (1893) &amp; H III 9, 774 (8) &lt; Urvaste khk, Vaabina v \u2013 Gustav Seen &lt; Eeva Tiganik (1889).<\/p>\n\n\n\n<p><\/p>\n<\/div>\nTagged in: <span class=\"post-to-page-tags\"><a href=\"https:\/\/regilaulik.folklore.ee\/vorumaa\/tag\/urvaste_\/\">urvaste_<\/a><\/span><span class=\"post-to-page-tags\"><a href=\"https:\/\/regilaulik.folklore.ee\/vorumaa\/tag\/vastlad_\/\">vastlad_<\/a><\/span><span class=\"post-to-page-image\"><a href=\"https:\/\/regilaulik.folklore.ee\/vorumaa\/1\/kallondrilauluq\/talv\/3-liugolo-laugolo-urv\/\"><\/a><\/span>\n<span class=\"post-to-page-readmore\"><a href=\"https:\/\/regilaulik.folklore.ee\/vorumaa\/1\/kallondrilauluq\/talv\/3-liugolo-laugolo-urv\/\">Read more...<\/a><\/span>\n<span class=\"post-to-page-comment-count\">0 comments<\/span>\n<hr class=\"post-to-page-separator\" \/>\n<h2 class=\"post-to-page-title\">4. LIUGL\u00d5, LAUGL\u00d5! (Krl)<\/h2>\n<div class=\"post-to-page-content\">\n\n<p class=\"has-text-align-right\"><em>Karula<\/em><\/p>\n\n\n\n<p class=\"has-medium-font-size\">Livvulaskmis\u00f5st<\/p>\n\n\n\n<p>1.<\/p>\n\n\n\n<figure class=\"wp-block-image size-large\"><img loading=\"lazy\" width=\"632\" height=\"237\" src=\"https:\/\/regilaulik.folklore.ee\/vorumaa\/wp-content\/uploads\/4_intern_Urv_RKM-II-65-464-156_2r_.gif\" alt=\"\" class=\"wp-image-13470\"\/><\/figure>\n\n\n\n<p>2. <\/p>\n\n\n\n<figure class=\"wp-block-image size-large\"><img loading=\"lazy\" width=\"632\" height=\"341\" src=\"https:\/\/regilaulik.folklore.ee\/vorumaa\/wp-content\/uploads\/4_intern_viisivar_kas_sobib_Urv_EYS-VII-875-13_3r_.gif\" alt=\"\" class=\"wp-image-13471\"\/><\/figure>\n\n\n\n<p>Nii s\u00f6\u00f6det\u00fc t\u00f5s\u00f5 p\u00fch\u00f5 hummogu k\u00f5ik el\u00e4j\u00e4\u2019 \u00e4r\u2019 ja joba inne p\u00e4\u00e4v\u00e4n\u00f5s\u00f5mist mint\u00fc suur\u00f5 riiga m\u00e4ele. M\u00e4elt s\u00f5id\u00f5tu sis alla ja l\u00f5buts\u00f5tu s\u00e4\u00e4l eg\u00e4tmuudu. Saaniga s\u00f5itmis\u00f5 man laultu:<\/p>\n\n\n\n<p><em>Liugl\u00f5, laugl\u00f5!<\/em><br>VEEGE\u2019 REGI M\u00c4ELE,<br><em>liugl\u00f5, laugl\u00f5,<\/em><br>saatk\u00f5\u2019 saan kalda&#8217;al\u00f5,<br><em>liugl\u00f5, laugl\u00f5.<\/em><\/p>\n\n\n\n<p>Suur\u00f5 r\u00fcselemise ja rab\u00f5l\u00f5mis\u00f5ga, mi\u00e4 s\u00e4\u00e4l saaniga s\u00f5itmis\u00f5l oll&#8217;, johtunu\u2019 vaih\u00f5l ka \u00f5nn\u00f5tuisi: saan sadanu\u2019 \u00fcmbre ja t\u00f5n\u00f5k\u00f5rd sadanu\u2019 m\u00f5n\u00f5\u2019 \u00fctsigu\u2019 s\u00f5itja\u2019 saanist v\u00e4ll\u00e4.<\/p>\n\n\n\n<p class=\"has-small-font-size\">Viis 1: RKM II 65, 464 (156) &lt; Urvaste khk, Antsla l (&lt; R\u00f5uge khk, Haanja) \u2013 S. Porosson, A. Gar\u0161nek &lt; Kadri Pr\u00e4\u00e4ts (s\u00fcnd 1873) (1957).<br>Viis 2: E\u00dcS VII, 875 (13) &lt; Urvaste khk, V-Antsla v, Haanja t \u2013 M. Pehka &lt; Kr\u00f5\u00f5t Luik, 60 a (1910).<br>Tekst: E 67697 &lt; Karula khk ja v \u2013 V. Karro (Valga Poeglaste G\u00fcmnaasiumi \u00f5pil) (1930).<\/p>\n<\/div>\nTagged in: <span class=\"post-to-page-tags\"><a href=\"https:\/\/regilaulik.folklore.ee\/vorumaa\/tag\/karula_\/\">Karula_<\/a><\/span><span class=\"post-to-page-tags\"><a href=\"https:\/\/regilaulik.folklore.ee\/vorumaa\/tag\/urvaste_\/\">urvaste_<\/a><\/span><span class=\"post-to-page-tags\"><a href=\"https:\/\/regilaulik.folklore.ee\/vorumaa\/tag\/vastlad_\/\">vastlad_<\/a><\/span><span class=\"post-to-page-image\"><a href=\"https:\/\/regilaulik.folklore.ee\/vorumaa\/1\/kallondrilauluq\/talv\/4-liuglo-lauglo-krl\/\"><\/a><\/span>\n<span class=\"post-to-page-readmore\"><a href=\"https:\/\/regilaulik.folklore.ee\/vorumaa\/1\/kallondrilauluq\/talv\/4-liuglo-lauglo-krl\/\">Read more...<\/a><\/span>\n<span class=\"post-to-page-comment-count\">0 comments<\/span>\n<hr class=\"post-to-page-separator\" \/>\n<h2 class=\"post-to-page-title\">5. LIUGL\u00d5\u00d5, LAUGL\u00d5\u00d5! (Krl)<\/h2>\n<div class=\"post-to-page-content\">\n\n<p class=\"has-text-align-right\"><em>Karula<\/em><\/p>\n\n\n\n<p class=\"has-medium-font-size\">Lina\u2019 pik\u00e4s!<\/p>\n\n\n\n<figure class=\"wp-block-image size-large\"><img loading=\"lazy\" width=\"632\" height=\"237\" src=\"https:\/\/regilaulik.folklore.ee\/vorumaa\/wp-content\/uploads\/5_intern_Urv_RKM-II-65-464-156_2r_.gif\" alt=\"\" class=\"wp-image-13475\"\/><\/figure>\n\n\n\n<p><em>Kui liugl\u00f5ma naksit, sis nakati laulma, et pik\u00e4\u2019 lina\u2019 kasus\u00f5\u2019:<\/em><\/p>\n\n\n\n<p><em>Liugl\u00f5\u00f5, laugl\u00f5\u00f5!<\/em><br>Liugl\u00f5\u2019 lina\u2019 pik\u00e4s!<br>Saa ma sisse istumaie,<br>liugl\u00f5\u00f5, laugl\u00f5\u00f5,<br>m\u00e4est alla lask\u00f5maie,<br>liugl\u00f5\u00f5, laugl\u00f5\u00f5,<br>liugl\u00f5 lina\u2019 pik\u00e4s.<\/p>\n\n\n\n<p>V\u00f5is\u00f5t kah mes s\u00f5nnu ess&#8217; panda\u2019 ja iks livv\u00f5lda\u2019, kuis neil inne nuu\u2019 s\u00f5na\u2019 tulli\u2019.<\/p>\n\n\n\n<p>J\u00f5ulu aol oll&#8217; p\u00e4\u00e4liugl\u00f5min\u00f5. Edespidi, v\u00f5ids\u00f5 kah livv\u00f5lda\u2019. J\u00f5ulu aol olle tuu algus. Tetti vahel peris k\u00fcll\u00e4s\u00f5it\u00f5, et linna pik\u00e4s livv\u00f5ld\u00f5\u2019: kaimi\u2019, et j\u00f5uluaig, tullimi k\u00fcll\u00e4, et linna pikas livv\u00f5lda\u2019.<\/p>\n\n\n\n<p class=\"has-small-font-size\">Viis: RKM II 65, 464 (156) &lt; Urvaste khk, Antsla l (&lt; Haanja) \u2013 S. Porosson, A. Gar\u0161nek &lt; Kadri Pr\u00e4\u00e4ts (s\u00fcnd 1873) (1957).<br>Tekst: ERA II 284, 624\/5 (598) &lt; Sangaste khk ja v &lt; Karula khk (Karula khk, Sangaste v, Korij\u00e4rve k, Viidakoja t \u2013 seal elasid Karolinid. \u2013 Evar Saare m\u00e4rkus) \u2013 Liis Pedajas &lt; Viimi Karolin (s\u00fcnd 1892) (1940).<\/p>\n<\/div>\nTagged in: <span class=\"post-to-page-tags\"><a href=\"https:\/\/regilaulik.folklore.ee\/vorumaa\/tag\/karula_\/\">Karula_<\/a><\/span><span class=\"post-to-page-tags\"><a href=\"https:\/\/regilaulik.folklore.ee\/vorumaa\/tag\/urvaste_\/\">urvaste_<\/a><\/span><span class=\"post-to-page-tags\"><a href=\"https:\/\/regilaulik.folklore.ee\/vorumaa\/tag\/vastlad_\/\">vastlad_<\/a><\/span><span class=\"post-to-page-image\"><a href=\"https:\/\/regilaulik.folklore.ee\/vorumaa\/1\/kallondrilauluq\/talv\/5-liugloo-laugloo-krl\/\"><\/a><\/span>\n<span class=\"post-to-page-readmore\"><a href=\"https:\/\/regilaulik.folklore.ee\/vorumaa\/1\/kallondrilauluq\/talv\/5-liugloo-laugloo-krl\/\">Read more...<\/a><\/span>\n<span class=\"post-to-page-comment-count\">0 comments<\/span>\n<hr class=\"post-to-page-separator\" \/>\n<h2 class=\"post-to-page-title\">6. LIUG\u00d5, LAUG\u00d5, LINA\u2019 PIK\u00c4\u2019! (Vst, Rp)<\/h2>\n<div class=\"post-to-page-content\">\n\n<p class=\"has-text-align-right\"><em>Vahts\u00f5liina\/R\u00e4pin\u00e4<\/em><\/p>\n\n\n\n<p class=\"has-medium-font-size\">Vastlap\u00e4\u00e4v\u00e4 laul<\/p>\n\n\n\n<figure class=\"wp-block-image size-large\"><img loading=\"lazy\" width=\"632\" height=\"237\" src=\"https:\/\/regilaulik.folklore.ee\/vorumaa\/wp-content\/uploads\/6_intern_Vast_ERv-370-2373_2r_.gif\" alt=\"\" class=\"wp-image-13478\"\/><\/figure>\n\n\n\n<p><em>Ku vastlap\u00e4\u00e4v\u00e4 lumm\u00f5 satas, saavat pall&#8217;o vaklo. Livv\u00f5ldas ja lauldas:<\/em><\/p>\n\n\n\n<p><em>Liug\u00f5, laug\u00f5!<\/em><br>LIUG\u00d5 LINA\u2019 PIK\u00c4\u2019!<br>Mii\u2019 lina\u2019 lin&#8217;ke piiu\u2019,<br>valla lina\u2019 vassa piiu\u2019,<br>k\u00fcl\u00e4 lina\u2019 k\u00fc\u00fcndre piiu\u2019;<br>villa\u2019 vakka vannus\u00f5\u2019.<\/p>\n\n\n\n<p class=\"has-small-font-size\"><strong>Viis: Erv 370 (2373) &lt; Vastseliina khk \u2013 A. A. Borenius-L\u00e4hteenkorva (1877).<br>Tekst: H II 32, 612 (50) &lt; R\u00e4pina \u2013 J. Poolakess (1889).<\/strong><\/p>\n<\/div>\nTagged in: <span class=\"post-to-page-tags\"><a href=\"https:\/\/regilaulik.folklore.ee\/vorumaa\/tag\/rapina_-2\/\">r\u00e4pin\u00e4_<\/a><\/span><span class=\"post-to-page-tags\"><a href=\"https:\/\/regilaulik.folklore.ee\/vorumaa\/tag\/vahtseliina\/\">vahtseliina<\/a><\/span><span class=\"post-to-page-tags\"><a href=\"https:\/\/regilaulik.folklore.ee\/vorumaa\/tag\/vastlad_\/\">vastlad_<\/a><\/span><span class=\"post-to-page-image\"><a href=\"https:\/\/regilaulik.folklore.ee\/vorumaa\/1\/kallondrilauluq\/talv\/6-liugo-laugo-lina-pika-vst-rp\/\"><\/a><\/span>\n<span class=\"post-to-page-readmore\"><a href=\"https:\/\/regilaulik.folklore.ee\/vorumaa\/1\/kallondrilauluq\/talv\/6-liugo-laugo-lina-pika-vst-rp\/\">Read more...<\/a><\/span>\n<span class=\"post-to-page-comment-count\">0 comments<\/span>\n<hr class=\"post-to-page-separator\" \/>\n","protected":false},"excerpt":{"rendered":"<p>Livvulaulu\u2019Liug\u00f5l\u00f5mis\u00f5stLina\u2019 pik\u00e4s!Vastlap\u00e4\u00e4v\u00e4 laul<\/p>\n","protected":false},"author":1,"featured_media":0,"parent":528,"menu_order":0,"comment_status":"closed","ping_status":"closed","template":"content-sidebar-page.php","meta":{"ngg_post_thumbnail":0},"_links":{"self":[{"href":"https:\/\/regilaulik.folklore.ee\/vorumaa\/wp-json\/wp\/v2\/pages\/638"}],"collection":[{"href":"https:\/\/regilaulik.folklore.ee\/vorumaa\/wp-json\/wp\/v2\/pages"}],"about":[{"href":"https:\/\/regilaulik.folklore.ee\/vorumaa\/wp-json\/wp\/v2\/types\/page"}],"author":[{"embeddable":true,"href":"https:\/\/regilaulik.folklore.ee\/vorumaa\/wp-json\/wp\/v2\/users\/1"}],"replies":[{"embeddable":true,"href":"https:\/\/regilaulik.folklore.ee\/vorumaa\/wp-json\/wp\/v2\/comments?post=638"}],"version-history":[{"count":16,"href":"https:\/\/regilaulik.folklore.ee\/vorumaa\/wp-json\/wp\/v2\/pages\/638\/revisions"}],"predecessor-version":[{"id":13607,"href":"https:\/\/regilaulik.folklore.ee\/vorumaa\/wp-json\/wp\/v2\/pages\/638\/revisions\/13607"}],"up":[{"embeddable":true,"href":"https:\/\/regilaulik.folklore.ee\/vorumaa\/wp-json\/wp\/v2\/pages\/528"}],"wp:attachment":[{"href":"https:\/\/regilaulik.folklore.ee\/vorumaa\/wp-json\/wp\/v2\/media?parent=638"}],"curies":[{"name":"wp","href":"https:\/\/api.w.org\/{rel}","templated":true}]}}